718 is divided by 255?
253
What is the remainder when 311075 is divided by 440?
435
What is the remainder when 4692 is divided by 738?
264
Calculate the remainder when 64246 is divided by 25.
21
What is the remainder when 3751 is divided by 94?
85
What is the remainder when 2511 is divided by 2440?
71
What is the remainder when 17123 is divided by 1422?
59
What is the remainder when 941208 is divided by 260?
8
Calculate the remainder when 229232 is divided by 4325.
7
Calculate the remainder when 6237 is divided by 2067.
36
What is the remainder when 4828 is divided by 144?
76
Calculate the remainder when 703755 is divided by 34.
23
Calculate the remainder when 12166 is divided by 6071.
24
What is the remainder when 15197 is divided by 6?
5
What is the remainder when 7972 is divided by 7964?
8
What is the remainder when 52023 is divided by 694?
667
What is the remainder when 736198 is divided by 33463?
12
Calculate the remainder when 251 is divided by 6.
5
Calculate the remainder when 1041813 is divided by 505.
503
What is the remainder when 2847 is divided by 160?
127
What is the remainder when 5338 is divided by 679?
585
What is the remainder when 56324 is divided by 229?
219
Calculate the remainder when 160906 is divided by 196.
186
Calculate the remainder when 16014 is divided by 511.
173
What is the remainder when 16697 is divided by 96?
89
What is the remainder when 130259 is divided by 2554?
5
Calculate the remainder when 3200 is divided by 1037.
89
What is the remainder when 36698 is divided by 179?
3
Calculate the remainder when 157505 is divided by 111.
107
Calculate the remainder when 32107 is divided by 374.
317
Calculate the remainder when 778739 is divided by 41.
26
What is the remainder when 89732 is divided by 91?
6
Calculate the remainder when 32002 is divided by 400.
2
What is the remainder when 2575 is divided by 261?
226
What is the remainder when 111316 is divided by 1197?
1192
What is the remainder when 6768 is divided by 56?
48
What is the remainder when 493 is divided by 236?
21
Calculate the remainder when 1078903 is divided by 38.
7
Calculate the remainder when 45353 is divided by 189.
182
Calculate the remainder when 387 is divided by 126.
9
Calculate the remainder when 730616 is divided by 121769.
2
What is the remainder when 468524 is divided by 603?
596
What is the remainder when 27449 is divided by 610?
609
What is the remainder when 71722 is divided by 6?
4
Calculate the remainder when 1096 is divided by 372.
352
Calculate the remainder when 5728 is divided by 1496.
1240
What is the remainder when 54755 is divided by 11?
8
Calculate the remainder when 696216 is divided by 3027.
6
What is the remainder when 15734 is divided by 101?
79
Calculate the remainder when 22641 is divided by 19.
12
Calculate the remainder when 805 is divided by 102.
91
What is the remainder when 57020 is divided by 155?
135
Calculate the remainder when 252964 is divided by 126474.
16
What is the remainder when 506 is divided by 51?
47
Calculate the remainder when 71876 is divided by 553.
539
What is the remainder when 20626 is divided by 69?
64
Calculate the remainder when 4845 is divided by 286.
269
What is the remainder when 536 is divided by 163?
47
What is the remainder when 4402 is divided by 2174?
54
What is the remainder when 1306 is divided by 223?
191
What is the remainder when 2073493 is divided by 685?
683
What is the remainder when 315 is divided by 237?
78
Calculate the remainder when 213 is divided by 40.
13
What is the remainder when 14871 is divided by 69?
36
What is the remainder when 2642 is divided by 878?
8
Calculate the remainder when 3117 is divided by 33.
15
What is the remainder when 1873 is divided by 853?
167
Calculate the remainder when 55921 is divided by 341.
338
What is the remainder when 93657 is divided by 70?
67
What is the remainder when 43675 is divided by 43655?
20
What is the remainder when 593 is divided by 124?
97
What is the remainder when 19809 is divided by 10?
9
What is the remainder when 5336 is divided by 31?
4
Calculate the remainder when 15633 is divided by 462.
387
Calculate the remainder when 2585 is divided by 5.
0
Calculate the remainder when 491134 is divided by 19.
3
What is the remainder when 38857 is divided by 121?
16
What is the remainder when 485317 is divided by 220?
217
What is the remainder when 280 is divided by 181?
99
What is the remainder when 31344 is divided by 285?
279
Calculate the remainder when 15813 is divided by 113.
106
What is the remainder when 12318 is divided by 3075?
18
Calculate the remainder when 175394 is divided by 60.
14
What is the remainder when 39059 is divided by 19508?
43
What is the remainder when 676 is divided by 636?
40
Calculate the remainder when 19010 is divided by 111.
29
What is the remainder when 2240 is divided by 401?
235
What is the remainder when 601 is divided by 30?
1
Calculate the remainder when 62804 is divided by 15693.
32
What is the remainder when 265437 is divided by 20?
17
What is the remainder when 22332 is divided by 519?
15
What is the remainder when 88738 is divided by 22175?
38
Calculate the remainder when 2454578 is divided by 62.
60
What is the remainder when 27371 is divided by 12?
11
Calculate the remainder when 473 is divided by 21.
11
What is the remainder when 18180 is divided by 170?
160
What is the remainder when 41988 is divided by 646?
644
What is the remainder when 4736 is divided by 317?
298
Calculate the remainder when 4627 is divided by 333.
298
Calculate the remainder when 3793 is divided by 255.
223
Calculate the remainder when 19565 is divided by 455.
0
Calculate the remainder when 6815 is divided by 2269.
8
What is the remainder when 948368 is divided by 12?
8
Calculate the remainder when 10964 is divided by 1016.
804
Calculate the remainder when 15324 is divided by 464.
12
Calculate the remainder when 296343 is divided by 142.
131
Calculate the remainder when 19577 is divided by 9783.
11
What is the remainder when 3470 is divided by 165?
5
Calculate the remainder when 13850 is divided by 6907.
36
Calculate the remainder when 29425 is divided by 17.
15
What is the remainder when 170376 is divided by 56784?
24
What is the remainder when 21460 is divided by 1532?
12
Calculate the remainder when 2571251 is divided by 706.
705
What is the remainder when 1625 is divided by 38?
29
What is the remainder when 39229 is divided by 27?
25
Calculate the remainder when 355905 is divided by 74.
39
What is the remainder when 15789 is divided by 3945?
9
What is the remainder when 3387 is divided by 53?
48
Calculate the remainder when 609152 is divided by 888.
872
Calculate the remainder when 4120 is divided by 56.
32
Calculate the remainder when 298457 is divided by 9.
8
What is the remainder when 32870 is divided by 587?
585
What is the remainder when 31889 is divided by 74?
69
Calculate the remainder when 128632 is divided by 670.
662
What is the remainder when 1913 is divided by 526?
335
Calculate the remainder when 21570 is divided by 7179.
33
Calculate the remainder when 6184 is divided by 1545.
4
Calculate the remainder when 2923 is divided by 1311.
301
Calculate the remainder when 12053 is divided by 654.
281
Calculate the remainder when 8340 is divided by 397.
3
What is the remainder when 7157 is divided by 354?
77
Calculate the remainder when 310156 is divided by 310130.
26
What is the remainder when 621167 is divided by 63?
50
What is the remainder when 3636 is divided by 1809?
18
What is the remainder when 324633 is divided by 72?
57
What is the remainder when 23993 is divided by 169?
164
What is the remainder when 35259 is divided by 37?
35
What is the remainder when 416 is divided by 407?
9
Calculate the remainder when 20603 is divided by 3409.
149
Calculate the remainder when 32204 is divided by 147.
11
Calculate the remainder when 3260 is divided by 51.
47
What is the remainder when 485018 is divided by 23?
17
Calculate the remainder when 6452 is divided by 2467.
1518
Calculate the remainder when 26311 is divided by 231.
208
What is the remainder when 42720 is divided by 7120?
0
What is the remainder when 6817 is divided by 6802?
15
Calculate the remainder when 32312 is divided by 190.
12
Calculate the